{"id":71,"date":"2020-04-07T11:27:38","date_gmt":"2020-04-07T14:27:38","guid":{"rendered":"http:\/\/localhost\/wordpress\/?page_id=71"},"modified":"2026-04-15T16:03:58","modified_gmt":"2026-04-15T19:03:58","slug":"institucional","status":"publish","type":"page","link":"https:\/\/radu.edu.ar\/index.php\/institucional\/","title":{"rendered":"Institucional"},"content":{"rendered":"\t\t<div data-elementor-type=\"wp-page\" data-elementor-id=\"71\" class=\"elementor elementor-71\">\n\t\t\t\t\t\t<section class=\"elementor-section elementor-top-section elementor-element elementor-element-8518491 elementor-section-stretched elementor-section-boxed elementor-section-height-default elementor-section-height-default\" data-id=\"8518491\" data-element_type=\"section\" data-settings=\"{&quot;stretch_section&quot;:&quot;section-stretched&quot;,&quot;background_background&quot;:&quot;classic&quot;}\">\n\t\t\t\t\t\t<div class=\"elementor-container elementor-column-gap-default\">\n\t\t\t\t\t<div class=\"elementor-column elementor-col-100 elementor-top-column elementor-element elementor-element-f7ad1cd\" data-id=\"f7ad1cd\" data-element_type=\"column\">\n\t\t\t<div class=\"elementor-widget-wrap elementor-element-populated\">\n\t\t\t\t\t\t<div class=\"elementor-element elementor-element-54ace55 elementor-widget elementor-widget-spacer\" data-id=\"54ace55\" data-element_type=\"widget\" data-widget_type=\"spacer.default\">\n\t\t\t\t<div class=\"elementor-widget-container\">\n\t\t\t\t\t\t\t<div class=\"elementor-spacer\">\n\t\t\t<div class=\"elementor-spacer-inner\"><\/div>\n\t\t<\/div>\n\t\t\t\t\t\t<\/div>\n\t\t\t\t<\/div>\n\t\t\t\t<div class=\"elementor-element elementor-element-6ef1374 elementor-widget elementor-widget-heading\" data-id=\"6ef1374\" data-element_type=\"widget\" data-widget_type=\"heading.default\">\n\t\t\t\t<div class=\"elementor-widget-container\">\n\t\t\t\t\t<h2 class=\"elementor-heading-title elementor-size-default\">Institucional<\/h2>\t\t\t\t<\/div>\n\t\t\t\t<\/div>\n\t\t\t\t<div class=\"elementor-element elementor-element-0cbbce6 elementor-widget-divider--view-line elementor-widget elementor-widget-divider\" data-id=\"0cbbce6\" data-element_type=\"widget\" data-widget_type=\"divider.default\">\n\t\t\t\t<div class=\"elementor-widget-container\">\n\t\t\t\t\t\t\t<div class=\"elementor-divider\">\n\t\t\t<span class=\"elementor-divider-separator\">\n\t\t\t\t\t\t<\/span>\n\t\t<\/div>\n\t\t\t\t\t\t<\/div>\n\t\t\t\t<\/div>\n\t\t\t\t<div class=\"elementor-element elementor-element-6177c60 elementor-widget elementor-widget-spacer\" data-id=\"6177c60\" data-element_type=\"widget\" data-widget_type=\"spacer.default\">\n\t\t\t\t<div class=\"elementor-widget-container\">\n\t\t\t\t\t\t\t<div class=\"elementor-spacer\">\n\t\t\t<div class=\"elementor-spacer-inner\"><\/div>\n\t\t<\/div>\n\t\t\t\t\t\t<\/div>\n\t\t\t\t<\/div>\n\t\t\t\t\t<\/div>\n\t\t<\/div>\n\t\t\t\t\t<\/div>\n\t\t<\/section>\n\t\t\t\t<section class=\"elementor-section elementor-top-section elementor-element elementor-element-404d673 elementor-section-stretched elementor-section-boxed elementor-section-height-default elementor-section-height-default\" data-id=\"404d673\" data-element_type=\"section\" data-settings=\"{&quot;stretch_section&quot;:&quot;section-stretched&quot;,&quot;background_background&quot;:&quot;classic&quot;}\">\n\t\t\t\t\t\t<div class=\"elementor-container elementor-column-gap-default\">\n\t\t\t\t\t<div class=\"elementor-column elementor-col-100 elementor-top-column elementor-element elementor-element-bc50393\" data-id=\"bc50393\" data-element_type=\"column\">\n\t\t\t<div class=\"elementor-widget-wrap elementor-element-populated\">\n\t\t\t\t\t\t<div class=\"elementor-element elementor-element-3f7ffae elementor-widget elementor-widget-spacer\" data-id=\"3f7ffae\" data-element_type=\"widget\" data-widget_type=\"spacer.default\">\n\t\t\t\t<div class=\"elementor-widget-container\">\n\t\t\t\t\t\t\t<div class=\"elementor-spacer\">\n\t\t\t<div class=\"elementor-spacer-inner\"><\/div>\n\t\t<\/div>\n\t\t\t\t\t\t<\/div>\n\t\t\t\t<\/div>\n\t\t\t\t<div class=\"elementor-element elementor-element-1937d1c elementor-widget elementor-widget-toggle\" data-id=\"1937d1c\" data-element_type=\"widget\" data-widget_type=\"toggle.default\">\n\t\t\t\t<div class=\"elementor-widget-container\">\n\t\t\t\t\t\t\t<div class=\"elementor-toggle\">\n\t\t\t\t\t\t\t<div class=\"elementor-toggle-item\">\n\t\t\t\t\t<div id=\"elementor-tab-title-2641\" class=\"elementor-tab-title\" data-tab=\"1\" role=\"button\" aria-controls=\"elementor-tab-content-2641\" aria-expanded=\"false\">\n\t\t\t\t\t\t\t\t\t\t\t\t<span class=\"elementor-toggle-icon elementor-toggle-icon-left\" aria-hidden=\"true\">\n\t\t\t\t\t\t\t\t\t\t\t\t\t\t\t<span class=\"elementor-toggle-icon-closed\"><i class=\"fas fa-caret-right\"><\/i><\/span>\n\t\t\t\t\t\t\t\t<span class=\"elementor-toggle-icon-opened\"><i class=\"elementor-toggle-icon-opened fas fa-caret-up\"><\/i><\/span>\n\t\t\t\t\t\t\t\t\t\t\t\t\t<\/span>\n\t\t\t\t\t\t\t\t\t\t\t\t<a class=\"elementor-toggle-title\" tabindex=\"0\">Constituci\u00f3n de la RADU<\/a>\n\t\t\t\t\t<\/div>\n\n\t\t\t\t\t<div id=\"elementor-tab-content-2641\" class=\"elementor-tab-content elementor-clearfix\" data-tab=\"1\" role=\"region\" aria-labelledby=\"elementor-tab-title-2641\"><p style=\"text-align: justify;\">La <span style=\"color: #ddb400;\">RED ANDINA DE UNIVERSIDADES (RADU)<\/span> es una <span style=\"color: #444444;\">Asociaci\u00f3n de Instituciones de Educaci\u00f3n Superior<\/span> que congrega a <span style=\"color: #444444;\">Universidades privadas de la regi\u00f3n del Nuevo Cuyo<\/span>.<\/p><p style=\"text-align: justify;\">Estas son:<\/p><p style=\"text-align: justify;\"><span style=\"color: #ddb400;\">\u00bb<\/span> <span style=\"color: #444444;\">Universidad Cat\u00f3lica de Cuyo (Sedes San Juan, Mendoza y San Luis)<\/span><\/p><p style=\"text-align: justify;\"><span style=\"color: #ddb400;\">\u00bb <\/span><span style=\"color: #444444;\">Universidad Juan Agust\u00edn Maza<\/span><\/p><p style=\"text-align: justify;\"><span style=\"color: #ddb400;\">\u00bb <\/span><span style=\"color: #444444;\">Universidad de Mendoza<\/span><\/p><p style=\"text-align: justify;\"><span style=\"color: #ddb400;\">\u00bb <\/span><span style=\"color: #444444;\">Universidad del Aconcagua<\/span><\/p><p style=\"text-align: justify;\"><span style=\"color: #ddb400;\">\u00bb <\/span><span style=\"color: #444444;\">Instituto Universitario de Ciencias de la Salud, Fundaci\u00f3n Barcel\u00f3 (Sede La Rioja)<\/span><\/p><p style=\"text-align: justify;\">El convenio de constituci\u00f3n de la RADU fue firmado el 3 de agosto de 2005, con el objetivo principal de implementar la colaboraci\u00f3n y complementaci\u00f3n acad\u00e9mico-cient\u00edficas de todas las instituciones integrantes.<\/p><p style=\"text-align: justify;\">El\u00a0<span style=\"color: #444444;\">Consejo Directivo<\/span> est\u00e1 formado por los cinco Rectores, siendo su Presidente el\u00a0<span style=\"color: #444444;\">Dr. Daniel MIRANDA (UMaza)<\/span>. Integran este Consejo: la\u00a0<span style=\"color: #333333;\">Lic. Mar\u00eda Laura SIMONASSI (UCCuyo), <\/span>el <span style=\"color: #333333;\">Dr. Ing. Alfredo Iglesias (UM), <span data-olk-copy-source=\"MessageBody\">Lic. Axel Barcel\u00f3 (IUCS <span style=\"color: #444444;\">Barcel\u00f3<\/span>) y el Dr. Rolando Galli Rey (UDA)<\/span><\/span><\/p><p style=\"text-align: justify;\">Asesora a este cuerpo un\u00a0<span style=\"color: #444444;\">Consejo Acad\u00e9mico<\/span>\u00a0integrado por:\u00a0<span style=\"color: #444444;\">Beatriz Farah (UCCuyo)<\/span>,\u00a0<span style=\"color: #444444;\">Amalia Salafia (UMaza)<\/span>,\u00a0<span style=\"color: #444444;\">Mar\u00eda Jos\u00e9 Reina (UM)<\/span>,\u00a0<span style=\"color: #444444;\">Marit\u00e9 Gibbs (UDA)<\/span>, <span data-olk-copy-source=\"MessageBody\">Valeria Altieri<\/span><span style=\"color: #444444;\">\u00a0(IUCS Barcel\u00f3)<\/span>.<\/p><p style=\"text-align: justify;\">Se desempe\u00f1a en la actualidad como <span style=\"color: #444444;\">Secretaria Ejecutiva<\/span> de la Red la <span style=\"color: #444444;\">Mag. Amalia Salafia<\/span>.<\/p><p><img decoding=\"async\" class=\"alignnone size-medium wp-image-2280\" src=\"https:\/\/radu.edu.ar\/wp-content\/uploads\/2025\/11\/rector.jpg\" alt=\"\" width=\"143\" height=\"143\" \/><br \/>Dr. Daniel Miranda &#8211; Presidente<\/p><p style=\"text-align: justify;\"><img decoding=\"async\" class=\"alignnone size-full wp-image-2279\" src=\"https:\/\/radu.edu.ar\/wp-content\/uploads\/2025\/11\/Amalia-1.jpg\" alt=\"\" width=\"143\" height=\"143\" \/><br \/>Mag. Amalia Salafia &#8211; Secretaria Ejecutiva<\/p><\/div>\n\t\t\t\t<\/div>\n\t\t\t\t\t\t\t<div class=\"elementor-toggle-item\">\n\t\t\t\t\t<div id=\"elementor-tab-title-2642\" class=\"elementor-tab-title\" data-tab=\"2\" role=\"button\" aria-controls=\"elementor-tab-content-2642\" aria-expanded=\"false\">\n\t\t\t\t\t\t\t\t\t\t\t\t<span class=\"elementor-toggle-icon elementor-toggle-icon-left\" aria-hidden=\"true\">\n\t\t\t\t\t\t\t\t\t\t\t\t\t\t\t<span class=\"elementor-toggle-icon-closed\"><i class=\"fas fa-caret-right\"><\/i><\/span>\n\t\t\t\t\t\t\t\t<span class=\"elementor-toggle-icon-opened\"><i class=\"elementor-toggle-icon-opened fas fa-caret-up\"><\/i><\/span>\n\t\t\t\t\t\t\t\t\t\t\t\t\t<\/span>\n\t\t\t\t\t\t\t\t\t\t\t\t<a class=\"elementor-toggle-title\" tabindex=\"0\">Objetivos<\/a>\n\t\t\t\t\t<\/div>\n\n\t\t\t\t\t<div id=\"elementor-tab-content-2642\" class=\"elementor-tab-content elementor-clearfix\" data-tab=\"2\" role=\"region\" aria-labelledby=\"elementor-tab-title-2642\"><p style=\"text-align: justify;\">Entre sus objetivos, adem\u00e1s de la colaboraci\u00f3n y complementaci\u00f3n acad\u00e9mico-cient\u00edficas, se encuentran:<\/p><ul><li>Promover la cooperaci\u00f3n acad\u00e9mica, cient\u00edfica y cultural entre las universidades de gesti\u00f3n privada de la Regi\u00f3n Nuevo Cuyo.<\/li><li>Impulsar la internacionalizaci\u00f3n y el reconocimiento global de las instituciones miembros.<\/li><li>Desarrollar programas acad\u00e9micos comunes de grado y posgrado con est\u00e1ndares de calidad reconocidos.<\/li><li>Fomentar la movilidad estudiantil y docente en la regi\u00f3n y en el \u00e1mbito internacional.<\/li><li>Consolidar redes de investigaci\u00f3n aplicada, innovaci\u00f3n y transferencia tecnol\u00f3gica.<\/li><li>Contribuir al desarrollo sostenible y a la integraci\u00f3n regional desde la educaci\u00f3n superior.<\/li><\/ul><\/div>\n\t\t\t\t<\/div>\n\t\t\t\t\t\t\t<div class=\"elementor-toggle-item\">\n\t\t\t\t\t<div id=\"elementor-tab-title-2643\" class=\"elementor-tab-title\" data-tab=\"3\" role=\"button\" aria-controls=\"elementor-tab-content-2643\" aria-expanded=\"false\">\n\t\t\t\t\t\t\t\t\t\t\t\t<span class=\"elementor-toggle-icon elementor-toggle-icon-left\" aria-hidden=\"true\">\n\t\t\t\t\t\t\t\t\t\t\t\t\t\t\t<span class=\"elementor-toggle-icon-closed\"><i class=\"fas fa-caret-right\"><\/i><\/span>\n\t\t\t\t\t\t\t\t<span class=\"elementor-toggle-icon-opened\"><i class=\"elementor-toggle-icon-opened fas fa-caret-up\"><\/i><\/span>\n\t\t\t\t\t\t\t\t\t\t\t\t\t<\/span>\n\t\t\t\t\t\t\t\t\t\t\t\t<a class=\"elementor-toggle-title\" tabindex=\"0\">Nuevo cuyo<\/a>\n\t\t\t\t\t<\/div>\n\n\t\t\t\t\t<div id=\"elementor-tab-content-2643\" class=\"elementor-tab-content elementor-clearfix\" data-tab=\"3\" role=\"region\" aria-labelledby=\"elementor-tab-title-2643\"><p><strong data-start=\"249\" data-end=\"263\">Nuevo Cuyo<\/strong> es una regi\u00f3n argentina establecida con fines de organizaci\u00f3n pol\u00edtico-administrativa, desarrollo econ\u00f3mico y planificaci\u00f3n regional. Forma parte del esquema de <strong data-start=\"425\" data-end=\"448\">regiones econ\u00f3micas<\/strong> promovido por la Constituci\u00f3n Nacional Argentina desde la reforma de 1994, que alienta la asociaci\u00f3n de provincias para fomentar el desarrollo regional equilibrado.<\/p><p>Integrado por:\u00a0<\/p><p>Mendoza:\u00a0<a href=\"https:\/\/www.mendoza.gov.ar\/\">https:\/\/www.mendoza.gov.ar\/<\/a>\u00a0<\/p><p>San Juan:\u00a0<a href=\"https:\/\/sj.sanjuan.gob.ar\/\">https:\/\/sj.sanjuan.gob.ar\/<\/a><\/p><p>San Luis:<a href=\"https:\/\/sanluis.gov.ar\/\">https:\/\/sanluis.gov.ar\/<\/a>\u00a0<\/p><p>La Rioja:\u00a0<a href=\"https:\/\/www.larioja.gov.ar\/\">https:\/\/www.larioja.gov.ar\/<\/a><\/p><\/div>\n\t\t\t\t<\/div>\n\t\t\t\t\t\t\t<div class=\"elementor-toggle-item\">\n\t\t\t\t\t<div id=\"elementor-tab-title-2644\" class=\"elementor-tab-title\" data-tab=\"4\" role=\"button\" aria-controls=\"elementor-tab-content-2644\" aria-expanded=\"false\">\n\t\t\t\t\t\t\t\t\t\t\t\t<span class=\"elementor-toggle-icon elementor-toggle-icon-left\" aria-hidden=\"true\">\n\t\t\t\t\t\t\t\t\t\t\t\t\t\t\t<span class=\"elementor-toggle-icon-closed\"><i class=\"fas fa-caret-right\"><\/i><\/span>\n\t\t\t\t\t\t\t\t<span class=\"elementor-toggle-icon-opened\"><i class=\"elementor-toggle-icon-opened fas fa-caret-up\"><\/i><\/span>\n\t\t\t\t\t\t\t\t\t\t\t\t\t<\/span>\n\t\t\t\t\t\t\t\t\t\t\t\t<a class=\"elementor-toggle-title\" tabindex=\"0\">Universidades Miembros<\/a>\n\t\t\t\t\t<\/div>\n\n\t\t\t\t\t<div id=\"elementor-tab-content-2644\" class=\"elementor-tab-content elementor-clearfix\" data-tab=\"4\" role=\"region\" aria-labelledby=\"elementor-tab-title-2644\"><p><span style=\"color: #ddb400;\">\u00bb\u00a0<\/span><span style=\"color: #444444;\">Universidad Cat\u00f3lica de Cuyo<\/span><\/p><p><span dir=\"auto\" style=\"vertical-align: inherit;\"><span dir=\"auto\" style=\"vertical-align: inherit;\">AV. Ignacio de la Roza 1516 <\/span><\/span><br \/><span dir=\"auto\" style=\"vertical-align: inherit;\"><span dir=\"auto\" style=\"vertical-align: inherit;\">Rivadavia &#8211; San Juan <\/span><\/span><br \/><span dir=\"auto\" style=\"vertical-align: inherit;\"><span dir=\"auto\" style=\"vertical-align: inherit;\">Tel. 0264 4292316 <\/span><\/span><br \/><span dir=\"auto\" style=\"vertical-align: inherit;\"><span dir=\"auto\" style=\"vertical-align: inherit;\">Contacto:\u00a0 <\/span><\/span><a href=\"mailto:s.academica@uccuyo.edu.ar\"><span dir=\"auto\" style=\"vertical-align: inherit;\"><span dir=\"auto\" style=\"vertical-align: inherit;\">s.academica@uccuyo.edu.ar<\/span><\/span><\/a><br \/><span dir=\"auto\" style=\"vertical-align: inherit;\"><span dir=\"auto\" style=\"vertical-align: inherit;\"> Sitio web: <\/span><\/span><a href=\"https:\/\/uccuyo.edu.ar\/\" target=\"_blank\" rel=\"noopener\"><span dir=\"auto\" style=\"vertical-align: inherit;\"><span dir=\"auto\" style=\"vertical-align: inherit;\">https:\/\/uccuyo.edu.ar\/<\/span><\/span><\/a><\/p><p>Rectora: Lic. Mar\u00eda Laura Simonassi |\u00a0<span style=\"color: #fccb05;\"><a style=\"color: #fccb05;\" href=\"https:\/\/radu.edu.ar\/index.php\/rector-universidad-catolica\/\" target=\"_blank\" rel=\"noopener\">Curr\u00edculum Vitae<\/a><\/span><\/p><p><span style=\"color: #444444;\"><span style=\"color: #ddb400;\">\u00bb <\/span>Universidad Juan Agust\u00edn Maza<\/span><\/p><p>Av. Acceso Este, Lateral Sur 2245<br \/>San Jos\u00e9 &#8211; Guaymall\u00e9n &#8211; Mendoza<br \/>Tel. 0261 4056200 int. 225<br \/>Contacto:<a href=\"mailto:asalafia@umaza.edu.ar\">\u00a0asalafia@umaza.edu.ar<\/a><br \/>Sitio web: <a href=\"https:\/\/www.umaza.edu.ar\" target=\"_blank\" rel=\"noopener\">https:\/\/www.umaza.edu.ar<\/a><\/p><p><span dir=\"auto\" style=\"vertical-align: inherit;\"><span dir=\"auto\" style=\"vertical-align: inherit;\">Rector: Dr. Daniel R. Miranda | <\/span><\/span><span style=\"color: #fccb05;\"><a style=\"color: #fccb05;\" href=\"https:\/\/radu.edu.ar\/index.php\/rector-universidad-maza\/\" target=\"_blank\" rel=\"noopener\"><span dir=\"auto\" style=\"vertical-align: inherit;\"><span dir=\"auto\" style=\"vertical-align: inherit;\">Curr\u00edculum vitae<\/span><\/span><\/a><\/span><\/p><p><span style=\"color: #444444;\"><span style=\"color: #ddb400;\">\u00bb\u00a0<\/span>Universidad de Mendoza<\/span><\/p><p><span dir=\"auto\" style=\"vertical-align: inherit;\"><span dir=\"auto\" style=\"vertical-align: inherit;\">Boulogne Sur Mer 683 <\/span><\/span><br \/><span dir=\"auto\" style=\"vertical-align: inherit;\"><span dir=\"auto\" style=\"vertical-align: inherit;\">Ciudad &#8211; Mendoza <\/span><\/span><br \/><span dir=\"auto\" style=\"vertical-align: inherit;\"><span dir=\"auto\" style=\"vertical-align: inherit;\">Tel. 0261 4200740 <\/span><\/span><br \/><span dir=\"auto\" style=\"vertical-align: inherit;\"><span dir=\"auto\" style=\"vertical-align: inherit;\">Contacto: <a href=\"mailto:daniela.bahamondes@um.edu.ar\">daniela.bahamondes@um.edu.ar <\/a><\/span><\/span><br \/><span dir=\"auto\" style=\"vertical-align: inherit;\"><span dir=\"auto\" style=\"vertical-align: inherit;\">Sitio web: <\/span><\/span><a style=\"background-color: #ffffff;\" href=\"https:\/\/um.edu.ar\/\" target=\"_blank\" rel=\"noopener\"><span dir=\"auto\" style=\"vertical-align: inherit;\"><span dir=\"auto\" style=\"vertical-align: inherit;\">https:\/\/um.edu.ar\/<\/span><\/span><\/a><\/p><p><span dir=\"auto\" style=\"vertical-align: inherit;\"><span dir=\"auto\" style=\"vertical-align: inherit;\">Rector: Dr. Ing. Alfredo Iglesias | <span style=\"color: #ffcc00;\"><a style=\"color: #ffcc00;\" href=\"https:\/\/radu.edu.ar\/index.php\/rector-universidad-mendoza\/\"><span dir=\"auto\" style=\"vertical-align: inherit;\">Curr\u00edculum <span style=\"color: #fccb05;\">vitae<\/span><\/span><\/a><\/span><\/span><\/span><\/p><p><span style=\"color: #444444;\"><span style=\"color: #ddb400;\">\u00bb<\/span>\u00a0Universidad del Aconcagua\u00a0<\/span><\/p><p>Catamarca 147 &#8211; Mendoza<br \/>Tel. 0261 5201637<br \/>Contacto:\u00a0<a href=\"mailto:megibbs@uda.edu.ar\">megibbs@uda.edu.ar<\/a><br \/>Sitio web: <a href=\"https:\/\/www.uda.edu.ar\/\" target=\"_blank\" rel=\"noopener\">https:\/\/www.uda.edu.ar\/<\/a><\/p><p><span dir=\"auto\" style=\"vertical-align: inherit;\"><span dir=\"auto\" style=\"vertical-align: inherit;\">Rector:\u00a0 <\/span><\/span><span style=\"text-align: justify;\"><span dir=\"auto\" style=\"vertical-align: inherit;\"><span dir=\"auto\" style=\"vertical-align: inherit;\">Dr. Rolando Galli Rey<\/span><\/span><\/span><span dir=\"auto\" style=\"vertical-align: inherit;\"><span dir=\"auto\" style=\"vertical-align: inherit;\"> \u00a0|\u00a0 <\/span><\/span><span style=\"color: #fccb05;\"><a style=\"color: #fccb05;\" href=\"https:\/\/radu.edu.ar\/index.php\/rector-universidad-aconcagua\/\" target=\"_blank\" rel=\"noopener\"><span dir=\"auto\" style=\"vertical-align: inherit;\"><span dir=\"auto\" style=\"vertical-align: inherit;\">Curr\u00edculum vitae<\/span><\/span><\/a><\/span><\/p><p><span style=\"color: #444444;\"><span style=\"color: #ddb400;\">\u00bb <\/span>Instituto Universitario en Ciencias de la Salud Fundaci\u00f3n Barcel\u00f3<\/span><\/p><p>Benjam\u00edn Matienzo 3177 &#8211; La Rioja<br \/>Tel. 0382 242 2090<\/p><p>Buenos Aires: 011 4800 0200<br \/>Contacto:\u00a0<a href=\"mailto:secretariarectorado@barcelo.edu.ar\">secretariarectorado@barcelo.edu.ar<\/a><br \/>Sitio web: <a href=\"https:\/\/barcelo.edu.ar\/\" target=\"_blank\" rel=\"noopener\">https:\/\/barcelo.edu.ar\/<\/a><\/p><p><span dir=\"auto\" style=\"vertical-align: inherit;\"><span dir=\"auto\" style=\"vertical-align: inherit;\">Rector: Lic. Esp. Axel Barcel\u00f3 | <\/span><\/span><span style=\"color: #fccb05;\"><a style=\"color: #fccb05;\" href=\"https:\/\/radu.edu.ar\/index.php\/rector-fundacion-barcelo\/\" target=\"_blank\" rel=\"noopener\"><span dir=\"auto\" style=\"vertical-align: inherit;\"><span dir=\"auto\" style=\"vertical-align: inherit;\">Curr\u00edculum vitae<\/span><\/span><\/a><br \/><br \/><\/span><\/p><p data-renderer-start-pos=\"240\"><strong data-renderer-mark=\"true\">Invitaci\u00f3n a integrar la Red Andina de Universidades (RADU)<\/strong><\/p><p data-renderer-start-pos=\"301\">La Red Andina de Universidades (RADU) invita a universidades de gesti\u00f3n privada, nacionales e internacionales, que compartan los principios de calidad acad\u00e9mica, cooperaci\u00f3n interinstitucional, integraci\u00f3n regional y compromiso con el desarrollo sostenible, a incorporarse como miembros de la Red en las categor\u00edas de universidades asociadas o adherentes.<\/p><p data-renderer-start-pos=\"658\">Las instituciones interesadas deber\u00e1n completar el <a href=\"https:\/\/drive.google.com\/file\/d\/1FpuhSnMiaqvsKLGLf5-mJEa_JFnMLaxN\/view?usp=sharing\">Formulario de Solicitud de Incorporaci\u00f3n<\/a> y remitirlo junto con la documentaci\u00f3n requerida, conforme a los lineamientos y criterios aprobados por el Consejo Directivo de la RADU.<\/p><p data-renderer-start-pos=\"888\">Formar parte de la Red Andina de Universidades constituye una valiosa oportunidad para fortalecer la colaboraci\u00f3n acad\u00e9mica, cient\u00edfica y cultural, y para contribuir activamente al desarrollo de la educaci\u00f3n superior en la regi\u00f3n andina.<\/p><p data-renderer-start-pos=\"1127\">Si desea m\u00e1s informaci\u00f3n comunicarse con Secretar\u00eda Ejecutiva al siguiente correo: <a class=\"_ymio1r31 _ypr0glyw _zcxs1o36 _mizu194a _1ah3dkaa _ra3xnqa1 _128mdkaa _1cvmnqa1 _4davt94y _4bfu1r31 _1hms8stv _ajmmnqa1 _vchhusvi _kqswh2mm _ect4ttxp _syaz13af _1a3b1r31 _4fpr8stv _5goinqa1 _f8pj13af _9oik1r31 _1bnxglyw _jf4cnqa1 _30l313af _1nrm1r31 _c2waglyw _1iohnqa1 _9h8h12zz _10531ra0 _1ien1ra0 _n0fx1ra0 _1vhv17z1\" title=\"mailto:asalafia@umaza.edu.ar\" href=\"mailto:asalafia@umaza.edu.ar\" data-renderer-mark=\"true\" data-is-router-link=\"false\" data-testid=\"link-with-safety\">asalafia@umaza.edu.ar<\/a><\/p><\/div>\n\t\t\t\t<\/div>\n\t\t\t\t\t\t\t<div class=\"elementor-toggle-item\">\n\t\t\t\t\t<div id=\"elementor-tab-title-2645\" class=\"elementor-tab-title\" data-tab=\"5\" role=\"button\" aria-controls=\"elementor-tab-content-2645\" aria-expanded=\"false\">\n\t\t\t\t\t\t\t\t\t\t\t\t<span class=\"elementor-toggle-icon elementor-toggle-icon-left\" aria-hidden=\"true\">\n\t\t\t\t\t\t\t\t\t\t\t\t\t\t\t<span class=\"elementor-toggle-icon-closed\"><i class=\"fas fa-caret-right\"><\/i><\/span>\n\t\t\t\t\t\t\t\t<span class=\"elementor-toggle-icon-opened\"><i class=\"elementor-toggle-icon-opened fas fa-caret-up\"><\/i><\/span>\n\t\t\t\t\t\t\t\t\t\t\t\t\t<\/span>\n\t\t\t\t\t\t\t\t\t\t\t\t<a class=\"elementor-toggle-title\" tabindex=\"0\">Plan Estrat\u00e9gico Institucional 2024-2028  <\/a>\n\t\t\t\t\t<\/div>\n\n\t\t\t\t\t<div id=\"elementor-tab-content-2645\" class=\"elementor-tab-content elementor-clearfix\" data-tab=\"5\" role=\"region\" aria-labelledby=\"elementor-tab-title-2645\"><p>A continuaci\u00f3n se puede acceder a un documento que sintetiza las distintas dimensiones, sus objetivos, acciones e indicadores de avance.<\/p><p><span style=\"text-decoration: underline;\"><a href=\"https:\/\/radu.edu.ar\/wp-content\/uploads\/2026\/03\/Plan-Estrategico-2024-2028.pdf\">Para visualizar y descargar haga clic aqu\u00ed<\/a><\/span>.<\/p><\/div>\n\t\t\t\t<\/div>\n\t\t\t\t\t\t\t\t<\/div>\n\t\t\t\t\t\t<\/div>\n\t\t\t\t<\/div>\n\t\t\t\t<div class=\"elementor-element elementor-element-6e1090c elementor-widget elementor-widget-spacer\" data-id=\"6e1090c\" data-element_type=\"widget\" data-widget_type=\"spacer.default\">\n\t\t\t\t<div class=\"elementor-widget-container\">\n\t\t\t\t\t\t\t<div class=\"elementor-spacer\">\n\t\t\t<div class=\"elementor-spacer-inner\"><\/div>\n\t\t<\/div>\n\t\t\t\t\t\t<\/div>\n\t\t\t\t<\/div>\n\t\t\t\t\t<\/div>\n\t\t<\/div>\n\t\t\t\t\t<\/div>\n\t\t<\/section>\n\t\t\t\t<\/div>\n\t\t","protected":false},"excerpt":{"rendered":"<p>Institucional Constituci\u00f3n de la RADU La RED ANDINA DE UNIVERSIDADES (RADU) es una Asociaci\u00f3n de Instituciones de Educaci\u00f3n Superior que congrega a Universidades privadas de la regi\u00f3n del Nuevo Cuyo. Estas son: \u00bb Universidad Cat\u00f3lica de Cuyo (Sedes San Juan, Mendoza y San Luis) \u00bb Universidad Juan Agust\u00edn Maza \u00bb Universidad de Mendoza \u00bb Universidad &#8230; <a title=\"Institucional\" class=\"read-more\" href=\"https:\/\/radu.edu.ar\/index.php\/institucional\/\" aria-label=\"M\u00e1s en Institucional\">Leer m\u00e1s<\/a><\/p>\n","protected":false},"author":1,"featured_media":0,"parent":0,"menu_order":0,"comment_status":"closed","ping_status":"closed","template":"elementor_header_footer","meta":{"footnotes":""},"class_list":["post-71","page","type-page","status-publish"],"_links":{"self":[{"href":"https:\/\/radu.edu.ar\/index.php\/wp-json\/wp\/v2\/pages\/71"}],"collection":[{"href":"https:\/\/radu.edu.ar\/index.php\/wp-json\/wp\/v2\/pages"}],"about":[{"href":"https:\/\/radu.edu.ar\/index.php\/wp-json\/wp\/v2\/types\/page"}],"author":[{"embeddable":true,"href":"https:\/\/radu.edu.ar\/index.php\/wp-json\/wp\/v2\/users\/1"}],"replies":[{"embeddable":true,"href":"https:\/\/radu.edu.ar\/index.php\/wp-json\/wp\/v2\/comments?post=71"}],"version-history":[{"count":131,"href":"https:\/\/radu.edu.ar\/index.php\/wp-json\/wp\/v2\/pages\/71\/revisions"}],"predecessor-version":[{"id":2470,"href":"https:\/\/radu.edu.ar\/index.php\/wp-json\/wp\/v2\/pages\/71\/revisions\/2470"}],"wp:attachment":[{"href":"https:\/\/radu.edu.ar\/index.php\/wp-json\/wp\/v2\/media?parent=71"}],"curies":[{"name":"wp","href":"https:\/\/api.w.org\/{rel}","templated":true}]}}