{"id":518,"date":"2020-05-01T16:39:07","date_gmt":"2020-05-01T19:39:07","guid":{"rendered":"http:\/\/localhost\/wordpress\/?page_id=518"},"modified":"2025-03-13T08:38:18","modified_gmt":"2025-03-13T11:38:18","slug":"rector-universidad-maza","status":"publish","type":"page","link":"https:\/\/radu.edu.ar\/index.php\/rector-universidad-maza\/","title":{"rendered":"Rector Universidad Maza"},"content":{"rendered":"\t\t<div data-elementor-type=\"wp-page\" data-elementor-id=\"518\" class=\"elementor elementor-518\">\n\t\t\t\t\t\t<section class=\"elementor-section elementor-top-section elementor-element elementor-element-754b35d elementor-section-stretched elementor-section-boxed elementor-section-height-default elementor-section-height-default\" data-id=\"754b35d\" data-element_type=\"section\" data-settings=\"{&quot;stretch_section&quot;:&quot;section-stretched&quot;}\">\n\t\t\t\t\t\t<div class=\"elementor-container elementor-column-gap-default\">\n\t\t\t\t\t<div class=\"elementor-column elementor-col-50 elementor-top-column elementor-element elementor-element-5f8d141a\" data-id=\"5f8d141a\" data-element_type=\"column\">\n\t\t\t<div class=\"elementor-widget-wrap elementor-element-populated\">\n\t\t\t\t\t\t<div class=\"elementor-element elementor-element-2a5d5b88 elementor-widget elementor-widget-spacer\" data-id=\"2a5d5b88\" data-element_type=\"widget\" data-widget_type=\"spacer.default\">\n\t\t\t\t<div class=\"elementor-widget-container\">\n\t\t\t\t\t\t\t<div class=\"elementor-spacer\">\n\t\t\t<div class=\"elementor-spacer-inner\"><\/div>\n\t\t<\/div>\n\t\t\t\t\t\t<\/div>\n\t\t\t\t<\/div>\n\t\t\t\t<div class=\"elementor-element elementor-element-709771ae elementor-widget elementor-widget-heading\" data-id=\"709771ae\" data-element_type=\"widget\" data-widget_type=\"heading.default\">\n\t\t\t\t<div class=\"elementor-widget-container\">\n\t\t\t\t\t<h2 class=\"elementor-heading-title elementor-size-default\">Dr. Daniel R. <span style=\"font-family: var( --e-global-typography-primary-font-family ), Sans-serif\">MIRANDA<\/span><span style=\"font-family: var( --e-global-typography-primary-font-family ), Sans-serif;font-style: inherit\"><\/span><br><\/h2>\t\t\t\t<\/div>\n\t\t\t\t<\/div>\n\t\t\t\t<div class=\"elementor-element elementor-element-68d8cd3a elementor-widget-divider--view-line elementor-widget elementor-widget-divider\" data-id=\"68d8cd3a\" data-element_type=\"widget\" data-widget_type=\"divider.default\">\n\t\t\t\t<div class=\"elementor-widget-container\">\n\t\t\t\t\t\t\t<div class=\"elementor-divider\">\n\t\t\t<span class=\"elementor-divider-separator\">\n\t\t\t\t\t\t<\/span>\n\t\t<\/div>\n\t\t\t\t\t\t<\/div>\n\t\t\t\t<\/div>\n\t\t\t\t\t<\/div>\n\t\t<\/div>\n\t\t\t\t<div class=\"elementor-column elementor-col-50 elementor-top-column elementor-element elementor-element-94f33e6\" data-id=\"94f33e6\" data-element_type=\"column\">\n\t\t\t<div class=\"elementor-widget-wrap elementor-element-populated\">\n\t\t\t\t\t\t<div class=\"elementor-element elementor-element-4da08884 elementor-widget elementor-widget-image\" data-id=\"4da08884\" data-element_type=\"widget\" data-widget_type=\"image.default\">\n\t\t\t\t<div class=\"elementor-widget-container\">\n\t\t\t\t\t\t\t\t\t\t\t\t\t\t\t<img fetchpriority=\"high\" decoding=\"async\" width=\"225\" height=\"300\" src=\"https:\/\/radu.edu.ar\/wp-content\/uploads\/2023\/12\/rector-21-225x300.jpg\" class=\"attachment-medium size-medium wp-image-1560\" alt=\"\" srcset=\"https:\/\/radu.edu.ar\/wp-content\/uploads\/2023\/12\/rector-21-225x300.jpg 225w, https:\/\/radu.edu.ar\/wp-content\/uploads\/2023\/12\/rector-21.jpg 600w\" sizes=\"(max-width: 225px) 100vw, 225px\" \/>\t\t\t\t\t\t\t\t\t\t\t\t\t\t\t<\/div>\n\t\t\t\t<\/div>\n\t\t\t\t\t<\/div>\n\t\t<\/div>\n\t\t\t\t\t<\/div>\n\t\t<\/section>\n\t\t\t\t<section class=\"elementor-section elementor-top-section elementor-element elementor-element-1b1832d elementor-section-stretched elementor-section-boxed elementor-section-height-default elementor-section-height-default\" data-id=\"1b1832d\" data-element_type=\"section\" data-settings=\"{&quot;stretch_section&quot;:&quot;section-stretched&quot;,&quot;background_background&quot;:&quot;classic&quot;}\">\n\t\t\t\t\t\t<div class=\"elementor-container elementor-column-gap-default\">\n\t\t\t\t\t<div class=\"elementor-column elementor-col-100 elementor-top-column elementor-element elementor-element-18cdb4db\" data-id=\"18cdb4db\" data-element_type=\"column\">\n\t\t\t<div class=\"elementor-widget-wrap elementor-element-populated\">\n\t\t\t\t\t\t<div class=\"elementor-element elementor-element-26c129b2 elementor-widget elementor-widget-spacer\" data-id=\"26c129b2\" data-element_type=\"widget\" data-widget_type=\"spacer.default\">\n\t\t\t\t<div class=\"elementor-widget-container\">\n\t\t\t\t\t\t\t<div class=\"elementor-spacer\">\n\t\t\t<div class=\"elementor-spacer-inner\"><\/div>\n\t\t<\/div>\n\t\t\t\t\t\t<\/div>\n\t\t\t\t<\/div>\n\t\t\t\t<div class=\"elementor-element elementor-element-36cb25f4 elementor-widget elementor-widget-text-editor\" data-id=\"36cb25f4\" data-element_type=\"widget\" data-widget_type=\"text-editor.default\">\n\t\t\t\t<div class=\"elementor-widget-container\">\n\t\t\t\t\t\t\t\t\t<div>\n<p><b><span data-olk-copy-source=\"MessageBody\">Semblanza del Dr. Daniel Miranda<\/span><\/b><\/p>\n<\/div>\n<div>\n<p>El Dr. Daniel Miranda&nbsp;es un&nbsp;<b>M\u00e9dico Pediatra<\/b>&nbsp;con una amplia trayectoria profesional y acad\u00e9mica. Actualmente, se desempe\u00f1a como&nbsp;<b>Rector de la Universidad Juan Agust\u00edn Maza<\/b>&nbsp;y&nbsp;<b>Presidente de la Red Andina de Universidades<\/b>, roles desde los cuales ha impulsado el desarrollo de la educaci\u00f3n superior.<\/p>\n<\/div>\n<div>\n<p>Es miembro de la&nbsp;<b>Sociedad Argentina de Pediatr\u00eda<\/b>, donde ha ocupado varios cargos de gesti\u00f3n, destac\u00e1ndose en su campo. Con m\u00e1s de&nbsp;<b>30 a\u00f1os como docente universitario<\/b>, ha formado a numerosas generaciones de profesionales. Su formaci\u00f3n de posgrado, tanto en pediatr\u00eda como en gesti\u00f3n, refleja su compromiso con la mejora continua.<\/p>\n<\/div>\n<div>\n<p>Adem\u00e1s, ha realizado contribuciones significativas a trav\u00e9s de sus&nbsp;<b>publicaciones cient\u00edficas<\/b>, que han enriquecido el campo de la pediatr\u00eda y la salud p\u00fablica. Tambi\u00e9n ha desempe\u00f1ado roles importantes en el&nbsp;<b>Ministerio de Salud de la Provincia de Mendoza<\/b>, aportando su experiencia para fortalecer las pol\u00edticas de salud en la regi\u00f3n.<\/p>\n<\/div>\n<div>\n<p>Ha participado activamente como&nbsp;<b>disertante y asistente<\/b>&nbsp;en conferencias, congresos, cursos y seminarios, compartiendo su conocimiento a nivel nacional e internacional. Su liderazgo en el \u00e1mbito de la educaci\u00f3n superior privada se refleja en su participaci\u00f3n en la&nbsp;<b>Consejo de Rectores de Universidades Privadas (CRUP)<\/b>, donde ha trabajado para fortalecer las instituciones educativas.<\/p>\n<\/div>\n<div>\n<p>En la&nbsp;<b>Universidad Maza<\/b>, su gesti\u00f3n ha sido clave para <span data-olk-copy-source=\"MessageBody\">potenciar <b>las 4 funciones primordiales<\/b> de las Universidades<\/span> y promover valores como la <b>solidaridad, la innovaci\u00f3n y el respeto<\/b>&nbsp;entre los estudiantes. Su visi\u00f3n ha contribuido a consolidar a la UMaza como una instituci\u00f3n comprometida con la formaci\u00f3n de profesionales responsables y capaces.<\/p>\n<\/div>\n<div>\n<p>El Dr.&nbsp;Daniel Miranda&nbsp;es un l\u00edder que ha dejado una huella significativa en la educaci\u00f3n, la salud y la gesti\u00f3n universitaria, destac\u00e1ndose por su dedicaci\u00f3n y \u00e9tica profesional.<\/p>\n<\/div>\t\t\t\t\t\t\t\t<\/div>\n\t\t\t\t<\/div>\n\t\t\t\t<div class=\"elementor-element elementor-element-6e3af11d elementor-widget elementor-widget-spacer\" data-id=\"6e3af11d\" data-element_type=\"widget\" data-widget_type=\"spacer.default\">\n\t\t\t\t<div class=\"elementor-widget-container\">\n\t\t\t\t\t\t\t<div class=\"elementor-spacer\">\n\t\t\t<div class=\"elementor-spacer-inner\"><\/div>\n\t\t<\/div>\n\t\t\t\t\t\t<\/div>\n\t\t\t\t<\/div>\n\t\t\t\t\t<\/div>\n\t\t<\/div>\n\t\t\t\t\t<\/div>\n\t\t<\/section>\n\t\t\t\t<\/div>\n\t\t","protected":false},"excerpt":{"rendered":"<p>Dr. Daniel R. MIRANDA Semblanza del Dr. Daniel Miranda El Dr. Daniel Miranda&nbsp;es un&nbsp;M\u00e9dico Pediatra&nbsp;con una amplia trayectoria profesional y acad\u00e9mica. Actualmente, se desempe\u00f1a como&nbsp;Rector de la Universidad Juan Agust\u00edn Maza&nbsp;y&nbsp;Presidente de la Red Andina de Universidades, roles desde los cuales ha impulsado el desarrollo de la educaci\u00f3n superior. Es miembro de la&nbsp;Sociedad Argentina de &#8230; <a title=\"Rector Universidad Maza\" class=\"read-more\" href=\"https:\/\/radu.edu.ar\/index.php\/rector-universidad-maza\/\" aria-label=\"M\u00e1s en Rector Universidad Maza\">Leer m\u00e1s<\/a><\/p>\n","protected":false},"author":1,"featured_media":0,"parent":0,"menu_order":0,"comment_status":"closed","ping_status":"closed","template":"elementor_header_footer","meta":{"footnotes":""},"class_list":["post-518","page","type-page","status-publish"],"_links":{"self":[{"href":"https:\/\/radu.edu.ar\/index.php\/wp-json\/wp\/v2\/pages\/518"}],"collection":[{"href":"https:\/\/radu.edu.ar\/index.php\/wp-json\/wp\/v2\/pages"}],"about":[{"href":"https:\/\/radu.edu.ar\/index.php\/wp-json\/wp\/v2\/types\/page"}],"author":[{"embeddable":true,"href":"https:\/\/radu.edu.ar\/index.php\/wp-json\/wp\/v2\/users\/1"}],"replies":[{"embeddable":true,"href":"https:\/\/radu.edu.ar\/index.php\/wp-json\/wp\/v2\/comments?post=518"}],"version-history":[{"count":12,"href":"https:\/\/radu.edu.ar\/index.php\/wp-json\/wp\/v2\/pages\/518\/revisions"}],"predecessor-version":[{"id":1957,"href":"https:\/\/radu.edu.ar\/index.php\/wp-json\/wp\/v2\/pages\/518\/revisions\/1957"}],"wp:attachment":[{"href":"https:\/\/radu.edu.ar\/index.php\/wp-json\/wp\/v2\/media?parent=518"}],"curies":[{"name":"wp","href":"https:\/\/api.w.org\/{rel}","templated":true}]}}