{"id":506,"date":"2020-05-01T13:06:47","date_gmt":"2020-05-01T16:06:47","guid":{"rendered":"http:\/\/localhost\/wordpress\/?page_id=506"},"modified":"2025-03-13T08:38:03","modified_gmt":"2025-03-13T11:38:03","slug":"rector-universidad-aconcagua","status":"publish","type":"page","link":"https:\/\/radu.edu.ar\/index.php\/rector-universidad-aconcagua\/","title":{"rendered":"Rector Universidad Aconcagua"},"content":{"rendered":"\t\t<div data-elementor-type=\"wp-page\" data-elementor-id=\"506\" class=\"elementor elementor-506\">\n\t\t\t\t\t\t<section class=\"elementor-section elementor-top-section elementor-element elementor-element-f7bba7c elementor-section-stretched elementor-section-boxed elementor-section-height-default elementor-section-height-default\" data-id=\"f7bba7c\" data-element_type=\"section\" data-settings=\"{&quot;stretch_section&quot;:&quot;section-stretched&quot;}\">\n\t\t\t\t\t\t<div class=\"elementor-container elementor-column-gap-default\">\n\t\t\t\t\t<div class=\"elementor-column elementor-col-50 elementor-top-column elementor-element elementor-element-bbaf8be\" data-id=\"bbaf8be\" data-element_type=\"column\">\n\t\t\t<div class=\"elementor-widget-wrap elementor-element-populated\">\n\t\t\t\t\t\t<div class=\"elementor-element elementor-element-5f68554 elementor-widget elementor-widget-spacer\" data-id=\"5f68554\" data-element_type=\"widget\" data-widget_type=\"spacer.default\">\n\t\t\t\t<div class=\"elementor-widget-container\">\n\t\t\t\t\t\t\t<div class=\"elementor-spacer\">\n\t\t\t<div class=\"elementor-spacer-inner\"><\/div>\n\t\t<\/div>\n\t\t\t\t\t\t<\/div>\n\t\t\t\t<\/div>\n\t\t\t\t<div class=\"elementor-element elementor-element-3bfc207 elementor-widget elementor-widget-heading\" data-id=\"3bfc207\" data-element_type=\"widget\" data-widget_type=\"heading.default\">\n\t\t\t\t<div class=\"elementor-widget-container\">\n\t\t\t\t\t<h2 class=\"elementor-heading-title elementor-size-default\">Dr. Rolando Galli Rey<\/h2>\t\t\t\t<\/div>\n\t\t\t\t<\/div>\n\t\t\t\t<div class=\"elementor-element elementor-element-5d3dffc elementor-widget-divider--view-line elementor-widget elementor-widget-divider\" data-id=\"5d3dffc\" data-element_type=\"widget\" data-widget_type=\"divider.default\">\n\t\t\t\t<div class=\"elementor-widget-container\">\n\t\t\t\t\t\t\t<div class=\"elementor-divider\">\n\t\t\t<span class=\"elementor-divider-separator\">\n\t\t\t\t\t\t<\/span>\n\t\t<\/div>\n\t\t\t\t\t\t<\/div>\n\t\t\t\t<\/div>\n\t\t\t\t\t<\/div>\n\t\t<\/div>\n\t\t\t\t<div class=\"elementor-column elementor-col-50 elementor-top-column elementor-element elementor-element-45433e1\" data-id=\"45433e1\" data-element_type=\"column\">\n\t\t\t<div class=\"elementor-widget-wrap elementor-element-populated\">\n\t\t\t\t\t\t<div class=\"elementor-element elementor-element-9a69563 elementor-widget elementor-widget-image\" data-id=\"9a69563\" data-element_type=\"widget\" data-widget_type=\"image.default\">\n\t\t\t\t<div class=\"elementor-widget-container\">\n\t\t\t\t\t\t\t\t\t\t\t\t\t\t\t<img fetchpriority=\"high\" decoding=\"async\" width=\"260\" height=\"300\" src=\"https:\/\/radu.edu.ar\/wp-content\/uploads\/2025\/03\/Galli-rector-1-scaled-e1741865852809-260x300.jpg\" class=\"attachment-medium size-medium wp-image-1951\" alt=\"\" srcset=\"https:\/\/radu.edu.ar\/wp-content\/uploads\/2025\/03\/Galli-rector-1-scaled-e1741865852809-260x300.jpg 260w, https:\/\/radu.edu.ar\/wp-content\/uploads\/2025\/03\/Galli-rector-1-scaled-e1741865852809-888x1024.jpg 888w, https:\/\/radu.edu.ar\/wp-content\/uploads\/2025\/03\/Galli-rector-1-scaled-e1741865852809-768x885.jpg 768w, https:\/\/radu.edu.ar\/wp-content\/uploads\/2025\/03\/Galli-rector-1-scaled-e1741865852809-1333x1536.jpg 1333w, https:\/\/radu.edu.ar\/wp-content\/uploads\/2025\/03\/Galli-rector-1-scaled-e1741865852809.jpg 1403w\" sizes=\"(max-width: 260px) 100vw, 260px\" \/>\t\t\t\t\t\t\t\t\t\t\t\t\t\t\t<\/div>\n\t\t\t\t<\/div>\n\t\t\t\t\t<\/div>\n\t\t<\/div>\n\t\t\t\t\t<\/div>\n\t\t<\/section>\n\t\t\t\t<section class=\"elementor-section elementor-top-section elementor-element elementor-element-88e03f7 elementor-section-stretched elementor-section-boxed elementor-section-height-default elementor-section-height-default\" data-id=\"88e03f7\" data-element_type=\"section\" data-settings=\"{&quot;stretch_section&quot;:&quot;section-stretched&quot;,&quot;background_background&quot;:&quot;classic&quot;}\">\n\t\t\t\t\t\t<div class=\"elementor-container elementor-column-gap-default\">\n\t\t\t\t\t<div class=\"elementor-column elementor-col-100 elementor-top-column elementor-element elementor-element-fc91c28\" data-id=\"fc91c28\" data-element_type=\"column\">\n\t\t\t<div class=\"elementor-widget-wrap elementor-element-populated\">\n\t\t\t\t\t\t<div class=\"elementor-element elementor-element-23e5546 elementor-widget elementor-widget-spacer\" data-id=\"23e5546\" data-element_type=\"widget\" data-widget_type=\"spacer.default\">\n\t\t\t\t<div class=\"elementor-widget-container\">\n\t\t\t\t\t\t\t<div class=\"elementor-spacer\">\n\t\t\t<div class=\"elementor-spacer-inner\"><\/div>\n\t\t<\/div>\n\t\t\t\t\t\t<\/div>\n\t\t\t\t<\/div>\n\t\t\t\t<div class=\"elementor-element elementor-element-5358fa4 elementor-widget elementor-widget-text-editor\" data-id=\"5358fa4\" data-element_type=\"widget\" data-widget_type=\"text-editor.default\">\n\t\t\t\t<div class=\"elementor-widget-container\">\n\t\t\t\t\t\t\t\t\t<p><strong>Semblanza del Dr. Rolando Galli Rey<\/strong><\/p><p>El Dr. Rolando Galli Rey es una figura destacada en el \u00e1mbito acad\u00e9mico, profesional y administrativo. Como Contador P\u00fablico Nacional, ha dedicado gran parte de su carrera a la docencia universitaria y la gesti\u00f3n educativa. Actualmente, se desempe\u00f1a como Rector de la Universidad del Aconcagua (UDA), donde ha impulsado iniciativas para fortalecer la calidad acad\u00e9mica y el v\u00ednculo con la sociedad.<\/p><p>Anteriormente, fue Decano de la Facultad de Ciencias Econ\u00f3micas y Jur\u00eddicas de la UDA, promoviendo la modernizaci\u00f3n de planes de estudio y la investigaci\u00f3n. Tambi\u00e9n ha participado en espacios nacionales e internacionales, como miembro del Comit\u00e9 Permanente de las Jornadas Universitarias de Contabilidad y ex Presidente del Consejo Profesional de Ciencias Econ\u00f3micas de Mendoza. En el \u00e1mbito p\u00fablico, fue Secretario de Hacienda de la Municipalidad de Guaymall\u00e9n, Mendoza.<\/p><p>Su trayectoria ha sido reconocida con el Diploma de Honor al M\u00e9rito Profesional de la Asociaci\u00f3n Interamericana de Contabilidad (AIC) en 1994. Adem\u00e1s, form\u00f3 parte del Consejo Asesor del Centro de Estudios Cient\u00edficos y T\u00e9cnicos (CECYT) de la FACPCE, contribuyendo al avance de la educaci\u00f3n y las ciencias econ\u00f3micas en Argentina.<\/p><p>El Dr. Galli Rey es un referente en el \u00e1mbito universitario y profesional, dejando un legado que inspira a nuevas generaciones.<\/p>\t\t\t\t\t\t\t\t<\/div>\n\t\t\t\t<\/div>\n\t\t\t\t<div class=\"elementor-element elementor-element-dc5eea9 elementor-widget elementor-widget-spacer\" data-id=\"dc5eea9\" data-element_type=\"widget\" data-widget_type=\"spacer.default\">\n\t\t\t\t<div class=\"elementor-widget-container\">\n\t\t\t\t\t\t\t<div class=\"elementor-spacer\">\n\t\t\t<div class=\"elementor-spacer-inner\"><\/div>\n\t\t<\/div>\n\t\t\t\t\t\t<\/div>\n\t\t\t\t<\/div>\n\t\t\t\t\t<\/div>\n\t\t<\/div>\n\t\t\t\t\t<\/div>\n\t\t<\/section>\n\t\t\t\t<\/div>\n\t\t","protected":false},"excerpt":{"rendered":"<p>Dr. Rolando Galli Rey Semblanza del Dr. Rolando Galli Rey El Dr. Rolando Galli Rey es una figura destacada en el \u00e1mbito acad\u00e9mico, profesional y administrativo. Como Contador P\u00fablico Nacional, ha dedicado gran parte de su carrera a la docencia universitaria y la gesti\u00f3n educativa. Actualmente, se desempe\u00f1a como Rector de la Universidad del Aconcagua &#8230; <a title=\"Rector Universidad Aconcagua\" class=\"read-more\" href=\"https:\/\/radu.edu.ar\/index.php\/rector-universidad-aconcagua\/\" aria-label=\"M\u00e1s en Rector Universidad Aconcagua\">Leer m\u00e1s<\/a><\/p>\n","protected":false},"author":1,"featured_media":0,"parent":0,"menu_order":0,"comment_status":"closed","ping_status":"closed","template":"elementor_header_footer","meta":{"footnotes":""},"class_list":["post-506","page","type-page","status-publish"],"_links":{"self":[{"href":"https:\/\/radu.edu.ar\/index.php\/wp-json\/wp\/v2\/pages\/506"}],"collection":[{"href":"https:\/\/radu.edu.ar\/index.php\/wp-json\/wp\/v2\/pages"}],"about":[{"href":"https:\/\/radu.edu.ar\/index.php\/wp-json\/wp\/v2\/types\/page"}],"author":[{"embeddable":true,"href":"https:\/\/radu.edu.ar\/index.php\/wp-json\/wp\/v2\/users\/1"}],"replies":[{"embeddable":true,"href":"https:\/\/radu.edu.ar\/index.php\/wp-json\/wp\/v2\/comments?post=506"}],"version-history":[{"count":14,"href":"https:\/\/radu.edu.ar\/index.php\/wp-json\/wp\/v2\/pages\/506\/revisions"}],"predecessor-version":[{"id":1954,"href":"https:\/\/radu.edu.ar\/index.php\/wp-json\/wp\/v2\/pages\/506\/revisions\/1954"}],"wp:attachment":[{"href":"https:\/\/radu.edu.ar\/index.php\/wp-json\/wp\/v2\/media?parent=506"}],"curies":[{"name":"wp","href":"https:\/\/api.w.org\/{rel}","templated":true}]}}

<div data-elementor-type="wp-page" data-elementor-id="506" class="elementor elementor-506">
						<section class="elementor-section elementor-top-section elementor-element elementor-element-f7bba7c elementor-section-stretched elementor-section-boxed elementor-section-height-default elementor-section-height-default" data-id="f7bba7c" data-element_type="section" data-settings="{&quot;stretch_section&quot;:&quot;section-stretched&quot;}">
						<div class="elementor-container elementor-column-gap-default">
					<div class="elementor-column elementor-col-50 elementor-top-column elementor-element elementor-element-bbaf8be" data-id="bbaf8be" data-element_type="column">
			<div class="elementor-widget-wrap elementor-element-populated">
						<div class="elementor-element elementor-element-5f68554 elementor-widget elementor-widget-spacer" data-id="5f68554" data-element_type="widget" data-widget_type="spacer.default">
				<div class="elementor-widget-container">
							<div class="elementor-spacer">
			<div class="elementor-spacer-inner"></div>
		</div>
						</div>
				</div>
				<div class="elementor-element elementor-element-3bfc207 elementor-widget elementor-widget-heading" data-id="3bfc207" data-element_type="widget" data-widget_type="heading.default">
				<div class="elementor-widget-container">
					<h2 class="elementor-heading-title elementor-size-default">Dr. Rolando Galli Rey</h2>				</div>
				</div>
				<div class="elementor-element elementor-element-5d3dffc elementor-widget-divider--view-line elementor-widget elementor-widget-divider" data-id="5d3dffc" data-element_type="widget" data-widget_type="divider.default">
				<div class="elementor-widget-container">
							<div class="elementor-divider">
			<span class="elementor-divider-separator">
						</span>
		</div>
						</div>
				</div>
					</div>
		</div>
				<div class="elementor-column elementor-col-50 elementor-top-column elementor-element elementor-element-45433e1" data-id="45433e1" data-element_type="column">
			<div class="elementor-widget-wrap elementor-element-populated">
						<div class="elementor-element elementor-element-9a69563 elementor-widget elementor-widget-image" data-id="9a69563" data-element_type="widget" data-widget_type="image.default">
				<div class="elementor-widget-container">
															<img fetchpriority="high" decoding="async" width="260" height="300" src="https://radu.edu.ar/wp-content/uploads/2025/03/Galli-rector-1-scaled-e1741865852809-260x300.jpg" class="attachment-medium size-medium wp-image-1951" alt="" srcset="https://radu.edu.ar/wp-content/uploads/2025/03/Galli-rector-1-scaled-e1741865852809-260x300.jpg 260w, https://radu.edu.ar/wp-content/uploads/2025/03/Galli-rector-1-scaled-e1741865852809-888x1024.jpg 888w, https://radu.edu.ar/wp-content/uploads/2025/03/Galli-rector-1-scaled-e1741865852809-768x885.jpg 768w, https://radu.edu.ar/wp-content/uploads/2025/03/Galli-rector-1-scaled-e1741865852809-1333x1536.jpg 1333w, https://radu.edu.ar/wp-content/uploads/2025/03/Galli-rector-1-scaled-e1741865852809.jpg 1403w" sizes="(max-width: 260px) 100vw, 260px" />															</div>
				</div>
					</div>
		</div>
					</div>
		</section>
				<section class="elementor-section elementor-top-section elementor-element elementor-element-88e03f7 elementor-section-stretched elementor-section-boxed elementor-section-height-default elementor-section-height-default" data-id="88e03f7" data-element_type="section" data-settings="{&quot;stretch_section&quot;:&quot;section-stretched&quot;,&quot;background_background&quot;:&quot;classic&quot;}">
						<div class="elementor-container elementor-column-gap-default">
					<div class="elementor-column elementor-col-100 elementor-top-column elementor-element elementor-element-fc91c28" data-id="fc91c28" data-element_type="column">
			<div class="elementor-widget-wrap elementor-element-populated">
						<div class="elementor-element elementor-element-23e5546 elementor-widget elementor-widget-spacer" data-id="23e5546" data-element_type="widget" data-widget_type="spacer.default">
				<div class="elementor-widget-container">
							<div class="elementor-spacer">
			<div class="elementor-spacer-inner"></div>
		</div>
						</div>
				</div>
				<div class="elementor-element elementor-element-5358fa4 elementor-widget elementor-widget-text-editor" data-id="5358fa4" data-element_type="widget" data-widget_type="text-editor.default">
				<div class="elementor-widget-container">
									<p><strong>Semblanza del Dr. Rolando Galli Rey</strong></p><p>El Dr. Rolando Galli Rey es una figura destacada en el ámbito académico, profesional y administrativo. Como Contador Público Nacional, ha dedicado gran parte de su carrera a la docencia universitaria y la gestión educativa. Actualmente, se desempeña como Rector de la Universidad del Aconcagua (UDA), donde ha impulsado iniciativas para fortalecer la calidad académica y el vínculo con la sociedad.</p><p>Anteriormente, fue Decano de la Facultad de Ciencias Económicas y Jurídicas de la UDA, promoviendo la modernización de planes de estudio y la investigación. También ha participado en espacios nacionales e internacionales, como miembro del Comité Permanente de las Jornadas Universitarias de Contabilidad y ex Presidente del Consejo Profesional de Ciencias Económicas de Mendoza. En el ámbito público, fue Secretario de Hacienda de la Municipalidad de Guaymallén, Mendoza.</p><p>Su trayectoria ha sido reconocida con el Diploma de Honor al Mérito Profesional de la Asociación Interamericana de Contabilidad (AIC) en 1994. Además, formó parte del Consejo Asesor del Centro de Estudios Científicos y Técnicos (CECYT) de la FACPCE, contribuyendo al avance de la educación y las ciencias económicas en Argentina.</p><p>El Dr. Galli Rey es un referente en el ámbito universitario y profesional, dejando un legado que inspira a nuevas generaciones.</p>								</div>
				</div>
				<div class="elementor-element elementor-element-dc5eea9 elementor-widget elementor-widget-spacer" data-id="dc5eea9" data-element_type="widget" data-widget_type="spacer.default">
				<div class="elementor-widget-container">
							<div class="elementor-spacer">
			<div class="elementor-spacer-inner"></div>
		</div>
						</div>
				</div>
					</div>
		</div>
					</div>
		</section>
				</div>

<p>Dr. Rolando Galli Rey Semblanza del Dr. Rolando Galli Rey El Dr. Rolando Galli Rey es una figura destacada en el ámbito académico, profesional y administrativo. Como Contador Público Nacional, ha dedicado gran parte de su carrera a la docencia universitaria y la gestión educativa. Actualmente, se desempeña como Rector de la Universidad del Aconcagua &#8230; <a title="Rector Universidad Aconcagua" class="read-more" href="https://radu.edu.ar/index.php/rector-universidad-aconcagua/" aria-label="Más en Rector Universidad Aconcagua">Leer más</a></p>
